{"id":122,"date":"2022-09-21T08:50:04","date_gmt":"2022-09-21T08:50:04","guid":{"rendered":"https:\/\/dollyday.es\/golden_es\/?page_id=78"},"modified":"2025-07-01T21:41:01","modified_gmt":"2025-07-01T19:41:01","slug":"solicitud","status":"publish","type":"page","link":"https:\/\/dollyday.es\/red_es\/solicitud\/","title":{"rendered":"SOLICITUD"},"content":{"rendered":"\n<p><\/p>\n\n\n\n<p class=\"has-text-align-center\" style=\"font-size:15px\">TODAS LAS MU\u00d1ECAS SON BIENVENIDAS, PERO LIMITAREMOS EL N\u00daMERO DE STANDS DISPONIBLES PARA ART TOYS Y OTRO TIPO DE CREACIONES PARA QUE EL EVENTO SIGA SIENDO CENTRADO EN LAS MU\u00d1ECAS BJD.<br><br>UN M\u00cdNIMO DEL 50% DE LA MERCANCIA OFRECIDA EN EL STAND DEBE SER DE MU\u00d1ECAS.<br><br>RECAST\/FALSO EST\u00c1N TOTALMENTE PROHIBIDOS.<\/p>\n\n\n\n<p class=\"has-text-align-center\"><strong>EARLY BIRD &#8211; 10% de descuentos en el precio del stand a todas las reservas recibidas antes del 7 de Noviembre<\/strong><\/p>\n\n\n\n<p><strong>Sobre la mesa<\/strong><\/p>\n\n\n\n<p><strong>TAMA\u00d1O:<\/strong>&nbsp;180 cm x 50 cm<\/p>\n\n\n\n<p><strong>INCLUDES:<\/strong><\/p>\n\n\n\n<ul class=\"wp-block-list\">\n<li>2 Sillas<\/li>\n\n\n\n<li>2 entradas<\/li>\n\n\n\n<li>WIFI gratu\u00efto<\/li>\n\n\n\n<li>Regalo expositor<\/li>\n\n\n\n<li>Agua<\/li>\n\n\n\n<li>Snack<\/li>\n<\/ul>\n\n\n\n<p><strong>PRICE: &nbsp;<\/strong>120\u20ac&nbsp; &nbsp;<em>(all fees included<\/em>)<\/p>\n\n\n\n<p><strong>Mesa doble ancho ( 100cm ancho) &nbsp;+ PARED + ENCHUFE&nbsp;<\/strong>: + 50\u20ac&nbsp; por mesa <em>(all fees included<\/em>)<\/p>\n\n\n\n<p class=\"has-text-align-center has-vivid-red-color has-text-color has-link-color wp-elements-0698665d09e16b4db9d43bf111354ceb\" style=\"font-size:30px\"><strong><a href=\"https:\/\/docs.google.com\/forms\/d\/e\/1FAIpQLSe5m8MrQDaKgwBb7peRAsg999X0tkZEwkh25KHc7oMsGV_2aQ\/viewform?usp=sharing&amp;ouid=111076667581855772365\" data-type=\"link\" data-id=\"https:\/\/docs.google.com\/forms\/d\/e\/1FAIpQLSf_RNl2EArWDO_HOuMLwlxvW9svWpImYqIPEOzAxZ5IPwHVqw\/viewform?usp=sharing\">LISTA DE ESPERA<\/a><\/strong><\/p>\n\n\n\n<p class=\"has-text-align-center\" style=\"font-size:15px\"><\/p>\n","protected":false},"excerpt":{"rendered":"<p>TODAS LAS MU\u00d1ECAS SON BIENVENIDAS, PERO LIMITAREMOS EL N\u00daMERO DE STANDS DISPONIBLES PARA ART TOYS Y OTRO TIPO DE CREACIONES PARA QUE EL EVENTO SIGA SIENDO CENTRADO EN LAS MU\u00d1ECAS BJD. UN M\u00cdNIMO DEL 50% DE LA MERCANCIA OFRECIDA EN EL STAND DEBE SER DE MU\u00d1ECAS. RECAST\/FALSO EST\u00c1N TOTALMENTE PROHIBIDOS. EARLY BIRD &#8211; 10% de &hellip; <\/p>\n","protected":false},"author":1,"featured_media":0,"parent":0,"menu_order":0,"comment_status":"closed","ping_status":"closed","template":"","meta":{"footnotes":""},"class_list":["post-122","page","type-page","status-publish","hentry"],"_links":{"self":[{"href":"https:\/\/dollyday.es\/red_es\/wp-json\/wp\/v2\/pages\/122","targetHints":{"allow":["GET"]}}],"collection":[{"href":"https:\/\/dollyday.es\/red_es\/wp-json\/wp\/v2\/pages"}],"about":[{"href":"https:\/\/dollyday.es\/red_es\/wp-json\/wp\/v2\/types\/page"}],"author":[{"embeddable":true,"href":"https:\/\/dollyday.es\/red_es\/wp-json\/wp\/v2\/users\/1"}],"replies":[{"embeddable":true,"href":"https:\/\/dollyday.es\/red_es\/wp-json\/wp\/v2\/comments?post=122"}],"version-history":[{"count":4,"href":"https:\/\/dollyday.es\/red_es\/wp-json\/wp\/v2\/pages\/122\/revisions"}],"predecessor-version":[{"id":406,"href":"https:\/\/dollyday.es\/red_es\/wp-json\/wp\/v2\/pages\/122\/revisions\/406"}],"wp:attachment":[{"href":"https:\/\/dollyday.es\/red_es\/wp-json\/wp\/v2\/media?parent=122"}],"curies":[{"name":"wp","href":"https:\/\/api.w.org\/{rel}","templated":true}]}}