{"id":111,"date":"2022-09-20T19:44:34","date_gmt":"2022-09-20T19:44:34","guid":{"rendered":"https:\/\/dollyday.es\/golden_es\/?page_id=11"},"modified":"2024-12-22T15:46:35","modified_gmt":"2024-12-22T14:46:35","slug":"faq","status":"publish","type":"page","link":"https:\/\/dollyday.es\/red_es\/faq\/","title":{"rendered":"FAQ"},"content":{"rendered":"\n<p style=\"font-size:15px\"><strong>\u00bfQUE PUEDO ENCONTRAR EN EL DOLLY DAY?<\/strong><\/p>\n\n\n\n<p class=\"has-small-font-size\">Dolly day es un evento principalmente dedicado a las BJD, aunque en el no solo encontraras estas mu\u00f1ecas y articulos para ellas, tambi\u00e9n tienen cabida Dollfies, Pullips y Blythes.<\/p>\n\n\n\n<p style=\"font-size:15px\"><strong>\u00bfCUANDO SE ABRE Y CIERRA LA VENTA DE ENTRADAS?<\/strong><\/p>\n\n\n\n<p class=\"has-small-font-size\">La venta de entradas se abre el 5 de Enero 2025  y se cierra el 29 de Agosto.<\/p>\n\n\n\n<p style=\"font-size:15px\"><strong>\u00bfQUE INCLUYE MI ENTRADA?<\/strong><\/p>\n\n\n\n<p class=\"has-small-font-size\">Si tienes una entrada b\u00e1sica tendr\u00e1s incluido el acceso al recinto as\u00ed como participar en las actividades generales como el search&amp;win. Por contra si tienes un full ticket adem\u00e1s de participar en dichas actividades tendr\u00e1s una tote bag que contiene distintos regalos del staff, flyers, tarjetas&#8230;<\/p>\n\n\n\n<p style=\"font-size:15px\"><strong>\u00bfA PARTIR DE QUE EDAD SE PAGA ENTRADA?<\/strong><\/p>\n\n\n\n<p class=\"has-small-font-size\">El acceso es gratuito hasta los 7 a\u00f1os.<\/p>\n\n\n\n<p style=\"font-size:15px\"><strong>\u00bfPUEDO TRASPASAR MI ENTRADA?<\/strong><\/p>\n\n\n\n<p class=\"has-small-font-size\">Si, puedes traspasar tu entrada pero deber\u00e1s comunicarlo al staff mediante el mail dollydayevent@gmail.com indicando tu nombre y apellidos, el mail con el que compraste la entrada y el nombre y apellido del nuevo propietario.<\/p>\n\n\n\n<p style=\"font-size:15px\"><strong>\u00bfES NECESARIO IMPRIMIR MI ENTRADA?<\/strong><\/p>\n\n\n\n<p class=\"has-small-font-size\">No, no es necesario imprimir tu entrada puedes llevara en tu m\u00f3vil.<\/p>\n\n\n\n<p style=\"font-size:15px\"><strong>\u00bfCUALES SON LAS POLITICAS DE DEVOLUCI\u00d3N?<\/strong><\/p>\n\n\n\n<p class=\"has-small-font-size\">La venta de entradas es definitiva no se admiten devoluciones. Solo se realizaran devoluciones en caso de que el staff cancele el evento (sin ser fuerza mayor)<\/p>\n","protected":false},"excerpt":{"rendered":"<p>\u00bfQUE PUEDO ENCONTRAR EN EL DOLLY DAY? Dolly day es un evento principalmente dedicado a las BJD, aunque en el no solo encontraras estas mu\u00f1ecas y articulos para ellas, tambi\u00e9n tienen cabida Dollfies, Pullips y Blythes. \u00bfCUANDO SE ABRE Y CIERRA LA VENTA DE ENTRADAS? La venta de entradas se abre el 5 de Enero &hellip; <\/p>\n","protected":false},"author":1,"featured_media":0,"parent":0,"menu_order":0,"comment_status":"closed","ping_status":"closed","template":"","meta":{"footnotes":""},"class_list":["post-111","page","type-page","status-publish","hentry"],"_links":{"self":[{"href":"https:\/\/dollyday.es\/red_es\/wp-json\/wp\/v2\/pages\/111","targetHints":{"allow":["GET"]}}],"collection":[{"href":"https:\/\/dollyday.es\/red_es\/wp-json\/wp\/v2\/pages"}],"about":[{"href":"https:\/\/dollyday.es\/red_es\/wp-json\/wp\/v2\/types\/page"}],"author":[{"embeddable":true,"href":"https:\/\/dollyday.es\/red_es\/wp-json\/wp\/v2\/users\/1"}],"replies":[{"embeddable":true,"href":"https:\/\/dollyday.es\/red_es\/wp-json\/wp\/v2\/comments?post=111"}],"version-history":[{"count":4,"href":"https:\/\/dollyday.es\/red_es\/wp-json\/wp\/v2\/pages\/111\/revisions"}],"predecessor-version":[{"id":395,"href":"https:\/\/dollyday.es\/red_es\/wp-json\/wp\/v2\/pages\/111\/revisions\/395"}],"wp:attachment":[{"href":"https:\/\/dollyday.es\/red_es\/wp-json\/wp\/v2\/media?parent=111"}],"curies":[{"name":"wp","href":"https:\/\/api.w.org\/{rel}","templated":true}]}}